{"id":45,"date":"2019-02-08T11:12:05","date_gmt":"2019-02-08T11:12:05","guid":{"rendered":"http:\/\/schuetzenverein-sudendorf-schierloh.de\/?page_id=45"},"modified":"2019-04-30T07:25:05","modified_gmt":"2019-04-30T07:25:05","slug":"vereinsgeschichte","status":"publish","type":"page","link":"https:\/\/schuetzenverein-sudendorf-schierloh.de\/?page_id=45","title":{"rendered":"Vereinsgeschichte"},"content":{"rendered":"\n<h2 class=\"wp-block-heading\">1925<\/h2>\n\n\n\n<p>Einige junge M\u00e4nner aus Sudendorf fuhren nach Osnabr\u00fcck um Blasinstrumente zu kaufen und eine Blaskapelle zu gr\u00fcnden.<br> Der Schie\u00dfverein wurde gegr\u00fcndet. Das erste Sch\u00fctzenfest wurde gefeiert.<\/p>\n\n\n\n<h2 class=\"wp-block-heading\">1926<\/h2>\n\n\n\n<p> Die Blaskapelle Sudendorf konnte das Sch\u00fctzenfest musikalisch begleiten.<\/p>\n\n\n\n<h2 class=\"wp-block-heading\">1927-1930<\/h2>\n\n\n\n<p>Das allj\u00e4hrliche Sch\u00fctzenfest wurde wieder gefeiert und einmal im Jahr gab es eine Generalversammlung.<\/p>\n\n\n\n<h2 class=\"wp-block-heading\">1931<\/h2>\n\n\n\n<p>Der erste Tanzabend fand in einer Scheune statt.<\/p>\n\n\n\n<h2 class=\"wp-block-heading\">1932<\/h2>\n\n\n\n<p>Der Tanzabend sollte zuk\u00fcnftig in einem Festzelt stattfinden.<br> Es tauchte erstmals der noch heute g\u00fcltige Leitspruch des Vereines auf: <\/p>\n\n\n\n<blockquote class=\"wp-block-quote is-layout-flow wp-block-quote-is-layout-flow\"><p> \u201eOff jung off ault, off arm off riek, bi us, dor sind se olle gliek\u201c. <\/p><cite>Aus der Vereinschronik<\/cite><\/blockquote>\n\n\n\n<h2 class=\"wp-block-heading\">1933<\/h2>\n\n\n\n<p>Der Schie\u00dfstand war soweit abgesichtert, dass wieder mit dem Kleinkalibergewehr geschossen werden konnte.<\/p>\n\n\n\n<h2 class=\"wp-block-heading\">1934-1935<\/h2>\n\n\n\n<p>Ein neuer Schie\u00dfstand entsteht.<\/p>\n\n\n\n<h2 class=\"wp-block-heading\">1936-1940<\/h2>\n\n\n\n<p>Gewehre zum j\u00e4hrlichen Sch\u00fctzenfest wurden von dem Kriegerverein Glandorf ausgeliehen.<br>Obwohl 1939 der zweite Weltkrieg ausbrach, wurde bis 1940 Sch\u00fctzenfest gefeiert.<\/p>\n\n\n\n<h2 class=\"wp-block-heading\">1941-1945<\/h2>\n\n\n\n<p>Die strengen Gesetze der nationalsozialistischen Machthaber brachten das Vereinsleben v\u00f6llig zum Erliegen. Der Krieg verlangte auch von unserem Verein seinen Tribut: Viele Kameraden aus Sudendorf und Schierloh kehrten nicht zur\u00fcck.<\/p>\n\n\n\n<h2 class=\"wp-block-heading\">1946-1947<\/h2>\n\n\n\n<p> Im ersten Nachkriegsjahr ruhte das Vereinsleben.<br> 1947 beschloss man, das Vereinsleben wieder aufzunehmen und feierte dies mit einem kleinen Fest.<\/p>\n\n\n\n<h2 class=\"wp-block-heading\">1948<\/h2>\n\n\n\n<p>Aufgrund der W\u00e4hrungsreform lief dieses Jahr in einem bescheidenen Rahmen ab. Im Winter fand eine Besprechung f\u00fcr das gro\u00dfe Sch\u00fctzenfest im n\u00e4chsten Jahr statt.<\/p>\n\n\n\n<h2 class=\"wp-block-heading\">1949<\/h2>\n\n\n\n<p> Es wurde wieder Sch\u00fctzenfest gefeiert.<br> Es gab den ersten Freibiernachmittag.<\/p>\n\n\n\n<h2 class=\"wp-block-heading\">1950<\/h2>\n\n\n\n<p>25 j\u00e4hriges Jubil\u00e4um mit gro\u00dfem Zapfenstreich.<br>Es fand erstmals eine Kinderbelustigung statt.<\/p>\n\n\n\n<h2 class=\"wp-block-heading\">1951<\/h2>\n\n\n\n<p>Die erste Vereinsfahne wird von den Ehrw. Benediktinerinnen im Kloster Vinnenberg gestickt.<\/p>\n\n\n\n<h2 class=\"wp-block-heading\">1952<\/h2>\n\n\n\n<p>Erstmalig wurde ein Platzgeld von 0,50 DM genommen. Da dieses aber die Leute ver\u00e4rgerte, wurde es im n\u00e4chsten Jahr wieder gestrichen.<\/p>\n\n\n\n<h2 class=\"wp-block-heading\">1954-1955<\/h2>\n\n\n\n<p>Ein neues Sch\u00fctzenhaus entsteht.<\/p>\n\n\n\n<h2 class=\"wp-block-heading\">1956<\/h2>\n\n\n\n<p>K\u00fcchenanbau f\u00fcr den Festwirt wurde geplant.<\/p>\n\n\n\n<h2 class=\"wp-block-heading\">1957<\/h2>\n\n\n\n<p>K\u00fcchenanbau passend zum Sch\u00fctzenfest fertig.<br>Fahnenabordnung wechselt Sch\u00e4rpen gegen Uniformen aus.<br>Sch\u00fctzenuniformen konnten ab jetzt f\u00fcr 77,50 DM k\u00e4uflich erworben werden.<\/p>\n\n\n\n<h2 class=\"wp-block-heading\">1958<\/h2>\n\n\n\n<p>Vereinsbeitrag wurde von 1,50 DM auf 3 DM erh\u00f6ht.<br> Sch\u00fctzenfest geht nun \u00fcber 2 Tage, mit Bratwurststand.<\/p>\n\n\n\n<h2 class=\"wp-block-heading\">1960<\/h2>\n\n\n\n<p>Entstehung eines neuen, sicheren Schie\u00dfstandes.<\/p>\n\n\n\n<h2 class=\"wp-block-heading\">1961<\/h2>\n\n\n\n<p>Auf dem Sch\u00fctzenfest spielte wie gewohnt die Sudendorfer Blaskapelle.<\/p>\n\n\n\n<h2 class=\"wp-block-heading\">1962<\/h2>\n\n\n\n<p>Vereinsbeitrag 4 DM.<br>Erste Tombola.<\/p>\n\n\n\n<h2 class=\"wp-block-heading\">1963<\/h2>\n\n\n\n<p>Anschaffung eines zweiten Schie\u00dfautomaten.<br>Toilettenbau.<\/p>\n\n\n\n<h2 class=\"wp-block-heading\">1964<\/h2>\n\n\n\n<p>Vereinsbeitrag 5 DM.<\/p>\n\n\n\n<h2 class=\"wp-block-heading\">1969<\/h2>\n\n\n\n<p>Seperater Luftgewehrstand wird erbaut.<\/p>\n\n\n\n<h2 class=\"wp-block-heading\">1970<\/h2>\n\n\n\n<p> Eintragung des Vereines in das Vereinsregister (e.V.)<br> Gedenkstein f\u00fcr die Gr\u00fcndung 1925 wird aufgestellt.<\/p>\n\n\n\n<h2 class=\"wp-block-heading\">1971-1974<\/h2>\n\n\n\n<p>Elektrische Scheibenzuganlage f\u00fcr Kleinkaliber wird eingebaut.<br>Vereinsbeitrag 10 DM.<\/p>\n\n\n\n<h2 class=\"wp-block-heading\">1975<\/h2>\n\n\n\n<p>50 j\u00e4hriges Jubil\u00e4um.<\/p>\n\n\n\n<h2 class=\"wp-block-heading\">1985<\/h2>\n\n\n\n<p> 60 j\u00e4hriges Jubil\u00e4um.<\/p>\n\n\n\n<h2 class=\"wp-block-heading\">2000<\/h2>\n\n\n\n<p>75 j\u00e4hriges Jubil\u00e4um mit gro\u00dfem Zapfenstreich.<\/p>\n\n\n\n<h2 class=\"wp-block-heading\">2015<\/h2>\n\n\n\n<p>90 j\u00e4hriges Jubil\u00e4um<\/p>\n","protected":false},"excerpt":{"rendered":"<p>1925 Einige junge M\u00e4nner aus Sudendorf fuhren nach Osnabr\u00fcck um Blasinstrumente zu kaufen und eine Blaskapelle zu gr\u00fcnden. Der Schie\u00dfverein wurde gegr\u00fcndet. Das erste Sch\u00fctzenfest wurde gefeiert. 1926 Die Blaskapelle [&hellip;]<\/p>\n","protected":false},"author":1,"featured_media":0,"parent":0,"menu_order":0,"comment_status":"closed","ping_status":"closed","template":"","meta":{"ocean_post_layout":"","ocean_both_sidebars_style":"","ocean_both_sidebars_content_width":0,"ocean_both_sidebars_sidebars_width":0,"ocean_sidebar":"","ocean_second_sidebar":"","ocean_disable_margins":"enable","ocean_add_body_class":"","ocean_shortcode_before_top_bar":"","ocean_shortcode_after_top_bar":"","ocean_shortcode_before_header":"","ocean_shortcode_after_header":"","ocean_has_shortcode":"","ocean_shortcode_after_title":"","ocean_shortcode_before_footer_widgets":"","ocean_shortcode_after_footer_widgets":"","ocean_shortcode_before_footer_bottom":"","ocean_shortcode_after_footer_bottom":"","ocean_display_top_bar":"default","ocean_display_header":"default","ocean_header_style":"","ocean_center_header_left_menu":"","ocean_custom_header_template":"","ocean_custom_logo":0,"ocean_custom_retina_logo":0,"ocean_custom_logo_max_width":0,"ocean_custom_logo_tablet_max_width":0,"ocean_custom_logo_mobile_max_width":0,"ocean_custom_logo_max_height":0,"ocean_custom_logo_tablet_max_height":0,"ocean_custom_logo_mobile_max_height":0,"ocean_header_custom_menu":"","ocean_menu_typo_font_family":"","ocean_menu_typo_font_subset":"","ocean_menu_typo_font_size":0,"ocean_menu_typo_font_size_tablet":0,"ocean_menu_typo_font_size_mobile":0,"ocean_menu_typo_font_size_unit":"px","ocean_menu_typo_font_weight":"","ocean_menu_typo_font_weight_tablet":"","ocean_menu_typo_font_weight_mobile":"","ocean_menu_typo_transform":"","ocean_menu_typo_transform_tablet":"","ocean_menu_typo_transform_mobile":"","ocean_menu_typo_line_height":0,"ocean_menu_typo_line_height_tablet":0,"ocean_menu_typo_line_height_mobile":0,"ocean_menu_typo_line_height_unit":"","ocean_menu_typo_spacing":0,"ocean_menu_typo_spacing_tablet":0,"ocean_menu_typo_spacing_mobile":0,"ocean_menu_typo_spacing_unit":"","ocean_menu_link_color":"","ocean_menu_link_color_hover":"","ocean_menu_link_color_active":"","ocean_menu_link_background":"","ocean_menu_link_hover_background":"","ocean_menu_link_active_background":"","ocean_menu_social_links_bg":"","ocean_menu_social_hover_links_bg":"","ocean_menu_social_links_color":"","ocean_menu_social_hover_links_color":"","ocean_disable_title":"default","ocean_disable_heading":"default","ocean_post_title":"","ocean_post_subheading":"","ocean_post_title_style":"","ocean_post_title_background_color":"","ocean_post_title_background":0,"ocean_post_title_bg_image_position":"","ocean_post_title_bg_image_attachment":"","ocean_post_title_bg_image_repeat":"","ocean_post_title_bg_image_size":"","ocean_post_title_height":0,"ocean_post_title_bg_overlay":0.5,"ocean_post_title_bg_overlay_color":"","ocean_disable_breadcrumbs":"default","ocean_breadcrumbs_color":"","ocean_breadcrumbs_separator_color":"","ocean_breadcrumbs_links_color":"","ocean_breadcrumbs_links_hover_color":"","ocean_display_footer_widgets":"default","ocean_display_footer_bottom":"default","ocean_custom_footer_template":"","footnotes":""},"class_list":["post-45","page","type-page","status-publish","hentry","entry"],"_links":{"self":[{"href":"https:\/\/schuetzenverein-sudendorf-schierloh.de\/index.php?rest_route=\/wp\/v2\/pages\/45","targetHints":{"allow":["GET"]}}],"collection":[{"href":"https:\/\/schuetzenverein-sudendorf-schierloh.de\/index.php?rest_route=\/wp\/v2\/pages"}],"about":[{"href":"https:\/\/schuetzenverein-sudendorf-schierloh.de\/index.php?rest_route=\/wp\/v2\/types\/page"}],"author":[{"embeddable":true,"href":"https:\/\/schuetzenverein-sudendorf-schierloh.de\/index.php?rest_route=\/wp\/v2\/users\/1"}],"replies":[{"embeddable":true,"href":"https:\/\/schuetzenverein-sudendorf-schierloh.de\/index.php?rest_route=%2Fwp%2Fv2%2Fcomments&post=45"}],"version-history":[{"count":2,"href":"https:\/\/schuetzenverein-sudendorf-schierloh.de\/index.php?rest_route=\/wp\/v2\/pages\/45\/revisions"}],"predecessor-version":[{"id":83,"href":"https:\/\/schuetzenverein-sudendorf-schierloh.de\/index.php?rest_route=\/wp\/v2\/pages\/45\/revisions\/83"}],"wp:attachment":[{"href":"https:\/\/schuetzenverein-sudendorf-schierloh.de\/index.php?rest_route=%2Fwp%2Fv2%2Fmedia&parent=45"}],"curies":[{"name":"wp","href":"https:\/\/api.w.org\/{rel}","templated":true}]}}

<h2 class="wp-block-heading">1925</h2>



<p>Einige junge Männer aus Sudendorf fuhren nach Osnabrück um Blasinstrumente zu kaufen und eine Blaskapelle zu gründen.<br> Der Schießverein wurde gegründet. Das erste Schützenfest wurde gefeiert.</p>



<h2 class="wp-block-heading">1926</h2>



<p> Die Blaskapelle Sudendorf konnte das Schützenfest musikalisch begleiten.</p>



<h2 class="wp-block-heading">1927-1930</h2>



<p>Das alljährliche Schützenfest wurde wieder gefeiert und einmal im Jahr gab es eine Generalversammlung.</p>



<h2 class="wp-block-heading">1931</h2>



<p>Der erste Tanzabend fand in einer Scheune statt.</p>



<h2 class="wp-block-heading">1932</h2>



<p>Der Tanzabend sollte zukünftig in einem Festzelt stattfinden.<br> Es tauchte erstmals der noch heute gültige Leitspruch des Vereines auf: </p>



<blockquote class="wp-block-quote is-layout-flow wp-block-quote-is-layout-flow"><p> „Off jung off ault, off arm off riek, bi us, dor sind se olle gliek“. </p><cite>Aus der Vereinschronik</cite></blockquote>



<h2 class="wp-block-heading">1933</h2>



<p>Der Schießstand war soweit abgesichtert, dass wieder mit dem Kleinkalibergewehr geschossen werden konnte.</p>



<h2 class="wp-block-heading">1934-1935</h2>



<p>Ein neuer Schießstand entsteht.</p>



<h2 class="wp-block-heading">1936-1940</h2>



<p>Gewehre zum jährlichen Schützenfest wurden von dem Kriegerverein Glandorf ausgeliehen.<br>Obwohl 1939 der zweite Weltkrieg ausbrach, wurde bis 1940 Schützenfest gefeiert.</p>



<h2 class="wp-block-heading">1941-1945</h2>



<p>Die strengen Gesetze der nationalsozialistischen Machthaber brachten das Vereinsleben völlig zum Erliegen. Der Krieg verlangte auch von unserem Verein seinen Tribut: Viele Kameraden aus Sudendorf und Schierloh kehrten nicht zurück.</p>



<h2 class="wp-block-heading">1946-1947</h2>



<p> Im ersten Nachkriegsjahr ruhte das Vereinsleben.<br> 1947 beschloss man, das Vereinsleben wieder aufzunehmen und feierte dies mit einem kleinen Fest.</p>



<h2 class="wp-block-heading">1948</h2>



<p>Aufgrund der Währungsreform lief dieses Jahr in einem bescheidenen Rahmen ab. Im Winter fand eine Besprechung für das große Schützenfest im nächsten Jahr statt.</p>



<h2 class="wp-block-heading">1949</h2>



<p> Es wurde wieder Schützenfest gefeiert.<br> Es gab den ersten Freibiernachmittag.</p>



<h2 class="wp-block-heading">1950</h2>



<p>25 jähriges Jubiläum mit großem Zapfenstreich.<br>Es fand erstmals eine Kinderbelustigung statt.</p>



<h2 class="wp-block-heading">1951</h2>



<p>Die erste Vereinsfahne wird von den Ehrw. Benediktinerinnen im Kloster Vinnenberg gestickt.</p>



<h2 class="wp-block-heading">1952</h2>



<p>Erstmalig wurde ein Platzgeld von 0,50 DM genommen. Da dieses aber die Leute verärgerte, wurde es im nächsten Jahr wieder gestrichen.</p>



<h2 class="wp-block-heading">1954-1955</h2>



<p>Ein neues Schützenhaus entsteht.</p>



<h2 class="wp-block-heading">1956</h2>



<p>Küchenanbau für den Festwirt wurde geplant.</p>



<h2 class="wp-block-heading">1957</h2>



<p>Küchenanbau passend zum Schützenfest fertig.<br>Fahnenabordnung wechselt Schärpen gegen Uniformen aus.<br>Schützenuniformen konnten ab jetzt für 77,50 DM käuflich erworben werden.</p>



<h2 class="wp-block-heading">1958</h2>



<p>Vereinsbeitrag wurde von 1,50 DM auf 3 DM erhöht.<br> Schützenfest geht nun über 2 Tage, mit Bratwurststand.</p>



<h2 class="wp-block-heading">1960</h2>



<p>Entstehung eines neuen, sicheren Schießstandes.</p>



<h2 class="wp-block-heading">1961</h2>



<p>Auf dem Schützenfest spielte wie gewohnt die Sudendorfer Blaskapelle.</p>



<h2 class="wp-block-heading">1962</h2>



<p>Vereinsbeitrag 4 DM.<br>Erste Tombola.</p>



<h2 class="wp-block-heading">1963</h2>



<p>Anschaffung eines zweiten Schießautomaten.<br>Toilettenbau.</p>



<h2 class="wp-block-heading">1964</h2>



<p>Vereinsbeitrag 5 DM.</p>



<h2 class="wp-block-heading">1969</h2>



<p>Seperater Luftgewehrstand wird erbaut.</p>



<h2 class="wp-block-heading">1970</h2>



<p> Eintragung des Vereines in das Vereinsregister (e.V.)<br> Gedenkstein für die Gründung 1925 wird aufgestellt.</p>



<h2 class="wp-block-heading">1971-1974</h2>



<p>Elektrische Scheibenzuganlage für Kleinkaliber wird eingebaut.<br>Vereinsbeitrag 10 DM.</p>



<h2 class="wp-block-heading">1975</h2>



<p>50 jähriges Jubiläum.</p>



<h2 class="wp-block-heading">1985</h2>



<p> 60 jähriges Jubiläum.</p>



<h2 class="wp-block-heading">2000</h2>



<p>75 jähriges Jubiläum mit großem Zapfenstreich.</p>



<h2 class="wp-block-heading">2015</h2>



<p>90 jähriges Jubiläum</p>

<p>1925 Einige junge Männer aus Sudendorf fuhren nach Osnabrück um Blasinstrumente zu kaufen und eine Blaskapelle zu gründen. Der Schießverein wurde gegründet. Das erste Schützenfest wurde gefeiert. 1926 Die Blaskapelle [&hellip;]</p>
