{"id":794,"date":"2025-02-21T21:13:31","date_gmt":"2025-02-21T21:13:31","guid":{"rendered":"https:\/\/schuetzenverein-sudendorf-schierloh.de\/?page_id=794"},"modified":"2026-02-15T16:15:01","modified_gmt":"2026-02-15T15:15:01","slug":"vermietung-schuetzenhaus","status":"publish","type":"page","link":"https:\/\/schuetzenverein-sudendorf-schierloh.de\/?page_id=794","title":{"rendered":"Vermietung Sch\u00fctzenhaus"},"content":{"rendered":"\n<h2 class=\"wp-block-heading has-large-font-size\">Vermietung Sch\u00fctzenhaus<\/h2>\n\n\n\n<p>Einzelheiten zur Buchungen und zu freien Termine k\u00f6nnt Ihr bei <a href=\"https:\/\/www.martins-getraenkemarkt.com\">Martins Getr\u00e4nkemarkt<\/a> erfahren.<br><\/p>\n\n\n\n<figure class=\"wp-block-image size-large\"><a href=\"https:\/\/schuetzenverein-sudendorf-schierloh.de\/wp-content\/uploads\/2025\/02\/Werbeanzeige-Schuetzenhaus-Sudendorf.jpg\"><img loading=\"lazy\" decoding=\"async\" width=\"1024\" height=\"358\" src=\"https:\/\/schuetzenverein-sudendorf-schierloh.de\/wp-content\/uploads\/2025\/02\/Werbeanzeige-Schuetzenhaus-Sudendorf-1024x358.jpg\" alt=\"\" class=\"wp-image-796\" srcset=\"https:\/\/schuetzenverein-sudendorf-schierloh.de\/wp-content\/uploads\/2025\/02\/Werbeanzeige-Schuetzenhaus-Sudendorf-1024x358.jpg 1024w, https:\/\/schuetzenverein-sudendorf-schierloh.de\/wp-content\/uploads\/2025\/02\/Werbeanzeige-Schuetzenhaus-Sudendorf-300x105.jpg 300w, https:\/\/schuetzenverein-sudendorf-schierloh.de\/wp-content\/uploads\/2025\/02\/Werbeanzeige-Schuetzenhaus-Sudendorf-768x268.jpg 768w, https:\/\/schuetzenverein-sudendorf-schierloh.de\/wp-content\/uploads\/2025\/02\/Werbeanzeige-Schuetzenhaus-Sudendorf-604x211.jpg 604w, https:\/\/schuetzenverein-sudendorf-schierloh.de\/wp-content\/uploads\/2025\/02\/Werbeanzeige-Schuetzenhaus-Sudendorf.jpg 1505w\" sizes=\"auto, (max-width: 1024px) 100vw, 1024px\" \/><\/a><\/figure>\n\n\n\n<h2 class=\"wp-block-heading has-text-color has-link-color wp-elements-8b1dce7be8e11645fb6960d9beeb9c10\" style=\"color:#003307\">Thekenbereich<\/h2>\n\n\n\n<figure class=\"wp-block-image size-large\"><a href=\"https:\/\/schuetzenverein-sudendorf-schierloh.de\/wp-content\/uploads\/2025\/03\/3-scaled.jpg\"><img loading=\"lazy\" decoding=\"async\" width=\"1024\" height=\"681\" src=\"https:\/\/schuetzenverein-sudendorf-schierloh.de\/wp-content\/uploads\/2025\/03\/3-1024x681.jpg\" alt=\"\" class=\"wp-image-959\" srcset=\"https:\/\/schuetzenverein-sudendorf-schierloh.de\/wp-content\/uploads\/2025\/03\/3-1024x681.jpg 1024w, https:\/\/schuetzenverein-sudendorf-schierloh.de\/wp-content\/uploads\/2025\/03\/3-300x200.jpg 300w, https:\/\/schuetzenverein-sudendorf-schierloh.de\/wp-content\/uploads\/2025\/03\/3-768x511.jpg 768w, https:\/\/schuetzenverein-sudendorf-schierloh.de\/wp-content\/uploads\/2025\/03\/3-1536x1022.jpg 1536w, https:\/\/schuetzenverein-sudendorf-schierloh.de\/wp-content\/uploads\/2025\/03\/3-2048x1363.jpg 2048w, https:\/\/schuetzenverein-sudendorf-schierloh.de\/wp-content\/uploads\/2025\/03\/3-406x270.jpg 406w\" sizes=\"auto, (max-width: 1024px) 100vw, 1024px\" \/><\/a><\/figure>\n\n\n\n<figure class=\"wp-block-image size-large\"><a href=\"https:\/\/schuetzenverein-sudendorf-schierloh.de\/wp-content\/uploads\/2025\/03\/IMG-20231008-WA0003.jpg\"><img loading=\"lazy\" decoding=\"async\" width=\"1024\" height=\"577\" src=\"https:\/\/schuetzenverein-sudendorf-schierloh.de\/wp-content\/uploads\/2025\/03\/IMG-20231008-WA0003-1024x577.jpg\" alt=\"\" class=\"wp-image-971\" srcset=\"https:\/\/schuetzenverein-sudendorf-schierloh.de\/wp-content\/uploads\/2025\/03\/IMG-20231008-WA0003-1024x577.jpg 1024w, https:\/\/schuetzenverein-sudendorf-schierloh.de\/wp-content\/uploads\/2025\/03\/IMG-20231008-WA0003-300x169.jpg 300w, https:\/\/schuetzenverein-sudendorf-schierloh.de\/wp-content\/uploads\/2025\/03\/IMG-20231008-WA0003-768x432.jpg 768w, https:\/\/schuetzenverein-sudendorf-schierloh.de\/wp-content\/uploads\/2025\/03\/IMG-20231008-WA0003-1536x865.jpg 1536w, https:\/\/schuetzenverein-sudendorf-schierloh.de\/wp-content\/uploads\/2025\/03\/IMG-20231008-WA0003-479x270.jpg 479w, https:\/\/schuetzenverein-sudendorf-schierloh.de\/wp-content\/uploads\/2025\/03\/IMG-20231008-WA0003.jpg 1600w\" sizes=\"auto, (max-width: 1024px) 100vw, 1024px\" \/><\/a><\/figure>\n\n\n\n<h2 class=\"wp-block-heading has-text-color has-link-color wp-elements-8492bbac47c60c4226e7dbbc4bf9d458\" style=\"color:#003307\">Barrierefreier Zugang<\/h2>\n\n\n\n<figure class=\"wp-block-gallery has-nested-images columns-default is-cropped wp-block-gallery-1 is-layout-flex wp-block-gallery-is-layout-flex\">\n<figure class=\"wp-block-image size-large\"><a href=\"https:\/\/schuetzenverein-sudendorf-schierloh.de\/wp-content\/uploads\/2025\/03\/IMG-20230729-WA0001.jpg\"><img loading=\"lazy\" decoding=\"async\" width=\"1024\" height=\"577\" data-id=\"969\" src=\"https:\/\/schuetzenverein-sudendorf-schierloh.de\/wp-content\/uploads\/2025\/03\/IMG-20230729-WA0001-1024x577.jpg\" alt=\"\" class=\"wp-image-969\" srcset=\"https:\/\/schuetzenverein-sudendorf-schierloh.de\/wp-content\/uploads\/2025\/03\/IMG-20230729-WA0001-1024x577.jpg 1024w, https:\/\/schuetzenverein-sudendorf-schierloh.de\/wp-content\/uploads\/2025\/03\/IMG-20230729-WA0001-300x169.jpg 300w, https:\/\/schuetzenverein-sudendorf-schierloh.de\/wp-content\/uploads\/2025\/03\/IMG-20230729-WA0001-768x432.jpg 768w, https:\/\/schuetzenverein-sudendorf-schierloh.de\/wp-content\/uploads\/2025\/03\/IMG-20230729-WA0001-1536x865.jpg 1536w, https:\/\/schuetzenverein-sudendorf-schierloh.de\/wp-content\/uploads\/2025\/03\/IMG-20230729-WA0001-480x270.jpg 480w, https:\/\/schuetzenverein-sudendorf-schierloh.de\/wp-content\/uploads\/2025\/03\/IMG-20230729-WA0001.jpg 2048w\" sizes=\"auto, (max-width: 1024px) 100vw, 1024px\" \/><\/a><figcaption class=\"wp-element-caption\">Zugang Haupteingang<\/figcaption><\/figure>\n\n\n\n<figure class=\"wp-block-image size-large\"><a href=\"https:\/\/schuetzenverein-sudendorf-schierloh.de\/wp-content\/uploads\/2025\/03\/IMG-20230729-WA0002.jpg\"><img loading=\"lazy\" decoding=\"async\" width=\"1024\" height=\"577\" data-id=\"970\" src=\"https:\/\/schuetzenverein-sudendorf-schierloh.de\/wp-content\/uploads\/2025\/03\/IMG-20230729-WA0002-1024x577.jpg\" alt=\"\" class=\"wp-image-970\" srcset=\"https:\/\/schuetzenverein-sudendorf-schierloh.de\/wp-content\/uploads\/2025\/03\/IMG-20230729-WA0002-1024x577.jpg 1024w, https:\/\/schuetzenverein-sudendorf-schierloh.de\/wp-content\/uploads\/2025\/03\/IMG-20230729-WA0002-300x169.jpg 300w, https:\/\/schuetzenverein-sudendorf-schierloh.de\/wp-content\/uploads\/2025\/03\/IMG-20230729-WA0002-768x432.jpg 768w, https:\/\/schuetzenverein-sudendorf-schierloh.de\/wp-content\/uploads\/2025\/03\/IMG-20230729-WA0002-1536x865.jpg 1536w, https:\/\/schuetzenverein-sudendorf-schierloh.de\/wp-content\/uploads\/2025\/03\/IMG-20230729-WA0002-480x270.jpg 480w, https:\/\/schuetzenverein-sudendorf-schierloh.de\/wp-content\/uploads\/2025\/03\/IMG-20230729-WA0002.jpg 2048w\" sizes=\"auto, (max-width: 1024px) 100vw, 1024px\" \/><\/a><figcaption class=\"wp-element-caption\">Zugang Nebeneingang und Toiletten<\/figcaption><\/figure>\n\n\n\n<figure class=\"wp-block-image size-large\"><a href=\"https:\/\/schuetzenverein-sudendorf-schierloh.de\/wp-content\/uploads\/2025\/03\/IMG-20230729-WA0000.jpg\"><img loading=\"lazy\" decoding=\"async\" width=\"1024\" height=\"577\" data-id=\"968\" src=\"https:\/\/schuetzenverein-sudendorf-schierloh.de\/wp-content\/uploads\/2025\/03\/IMG-20230729-WA0000-1024x577.jpg\" alt=\"\" class=\"wp-image-968\" srcset=\"https:\/\/schuetzenverein-sudendorf-schierloh.de\/wp-content\/uploads\/2025\/03\/IMG-20230729-WA0000-1024x577.jpg 1024w, https:\/\/schuetzenverein-sudendorf-schierloh.de\/wp-content\/uploads\/2025\/03\/IMG-20230729-WA0000-300x169.jpg 300w, https:\/\/schuetzenverein-sudendorf-schierloh.de\/wp-content\/uploads\/2025\/03\/IMG-20230729-WA0000-768x432.jpg 768w, https:\/\/schuetzenverein-sudendorf-schierloh.de\/wp-content\/uploads\/2025\/03\/IMG-20230729-WA0000-1536x865.jpg 1536w, https:\/\/schuetzenverein-sudendorf-schierloh.de\/wp-content\/uploads\/2025\/03\/IMG-20230729-WA0000-480x270.jpg 480w, https:\/\/schuetzenverein-sudendorf-schierloh.de\/wp-content\/uploads\/2025\/03\/IMG-20230729-WA0000.jpg 2048w\" sizes=\"auto, (max-width: 1024px) 100vw, 1024px\" \/><\/a><figcaption class=\"wp-element-caption\">Aus Sicht der Toiletten zum Seiteneingang<\/figcaption><\/figure>\n<\/figure>\n\n\n\n<h2 class=\"wp-block-heading has-text-color has-link-color wp-elements-8c2486a17807bbcdb65027cbf53d2834\" style=\"color:#003307\">Aufenthaltsraum<\/h2>\n\n\n\n<figure class=\"wp-block-gallery has-nested-images columns-default is-cropped wp-block-gallery-2 is-layout-flex wp-block-gallery-is-layout-flex\">\n<figure class=\"wp-block-image size-large\"><a href=\"https:\/\/schuetzenverein-sudendorf-schierloh.de\/wp-content\/uploads\/2025\/04\/PHOTO-2022-05-13-12-44-05.jpg\"><img loading=\"lazy\" decoding=\"async\" width=\"768\" height=\"1024\" data-id=\"1004\" src=\"https:\/\/schuetzenverein-sudendorf-schierloh.de\/wp-content\/uploads\/2025\/04\/PHOTO-2022-05-13-12-44-05-768x1024.jpg\" alt=\"\" class=\"wp-image-1004\" srcset=\"https:\/\/schuetzenverein-sudendorf-schierloh.de\/wp-content\/uploads\/2025\/04\/PHOTO-2022-05-13-12-44-05-768x1024.jpg 768w, https:\/\/schuetzenverein-sudendorf-schierloh.de\/wp-content\/uploads\/2025\/04\/PHOTO-2022-05-13-12-44-05-225x300.jpg 225w, https:\/\/schuetzenverein-sudendorf-schierloh.de\/wp-content\/uploads\/2025\/04\/PHOTO-2022-05-13-12-44-05-1152x1536.jpg 1152w, https:\/\/schuetzenverein-sudendorf-schierloh.de\/wp-content\/uploads\/2025\/04\/PHOTO-2022-05-13-12-44-05-203x270.jpg 203w, https:\/\/schuetzenverein-sudendorf-schierloh.de\/wp-content\/uploads\/2025\/04\/PHOTO-2022-05-13-12-44-05.jpg 1200w\" sizes=\"auto, (max-width: 768px) 100vw, 768px\" \/><\/a><\/figure>\n\n\n\n<figure class=\"wp-block-image size-large\"><a href=\"https:\/\/schuetzenverein-sudendorf-schierloh.de\/wp-content\/uploads\/2025\/04\/PHOTO-2022-05-13-12-44-03.jpg\"><img loading=\"lazy\" decoding=\"async\" width=\"768\" height=\"1024\" data-id=\"1003\" src=\"https:\/\/schuetzenverein-sudendorf-schierloh.de\/wp-content\/uploads\/2025\/04\/PHOTO-2022-05-13-12-44-03-768x1024.jpg\" alt=\"\" class=\"wp-image-1003\" srcset=\"https:\/\/schuetzenverein-sudendorf-schierloh.de\/wp-content\/uploads\/2025\/04\/PHOTO-2022-05-13-12-44-03-768x1024.jpg 768w, https:\/\/schuetzenverein-sudendorf-schierloh.de\/wp-content\/uploads\/2025\/04\/PHOTO-2022-05-13-12-44-03-225x300.jpg 225w, https:\/\/schuetzenverein-sudendorf-schierloh.de\/wp-content\/uploads\/2025\/04\/PHOTO-2022-05-13-12-44-03-1152x1536.jpg 1152w, https:\/\/schuetzenverein-sudendorf-schierloh.de\/wp-content\/uploads\/2025\/04\/PHOTO-2022-05-13-12-44-03-203x270.jpg 203w, https:\/\/schuetzenverein-sudendorf-schierloh.de\/wp-content\/uploads\/2025\/04\/PHOTO-2022-05-13-12-44-03.jpg 1200w\" sizes=\"auto, (max-width: 768px) 100vw, 768px\" \/><\/a><\/figure>\n\n\n\n<figure class=\"wp-block-image size-large\"><a href=\"https:\/\/schuetzenverein-sudendorf-schierloh.de\/wp-content\/uploads\/2025\/04\/PHOTO-2022-05-13-12-43-58.jpg\"><img loading=\"lazy\" decoding=\"async\" width=\"896\" height=\"1024\" data-id=\"1002\" src=\"https:\/\/schuetzenverein-sudendorf-schierloh.de\/wp-content\/uploads\/2025\/04\/PHOTO-2022-05-13-12-43-58-896x1024.jpg\" alt=\"\" class=\"wp-image-1002\" srcset=\"https:\/\/schuetzenverein-sudendorf-schierloh.de\/wp-content\/uploads\/2025\/04\/PHOTO-2022-05-13-12-43-58-896x1024.jpg 896w, https:\/\/schuetzenverein-sudendorf-schierloh.de\/wp-content\/uploads\/2025\/04\/PHOTO-2022-05-13-12-43-58-263x300.jpg 263w, https:\/\/schuetzenverein-sudendorf-schierloh.de\/wp-content\/uploads\/2025\/04\/PHOTO-2022-05-13-12-43-58-768x877.jpg 768w, https:\/\/schuetzenverein-sudendorf-schierloh.de\/wp-content\/uploads\/2025\/04\/PHOTO-2022-05-13-12-43-58-236x270.jpg 236w, https:\/\/schuetzenverein-sudendorf-schierloh.de\/wp-content\/uploads\/2025\/04\/PHOTO-2022-05-13-12-43-58.jpg 1200w\" sizes=\"auto, (max-width: 896px) 100vw, 896px\" \/><\/a><\/figure>\n<\/figure>\n\n\n\n<h2 class=\"wp-block-heading has-text-color has-link-color wp-elements-9279805dcac515a118c45bcc1a5f9c0a\" style=\"color:#003307\">Au\u00dfenansicht<\/h2>\n\n\n\n<figure class=\"wp-block-image size-large\"><a href=\"https:\/\/schuetzenverein-sudendorf-schierloh.de\/wp-content\/uploads\/2025\/03\/20240815_105306-scaled.jpg\"><img loading=\"lazy\" decoding=\"async\" width=\"1024\" height=\"461\" src=\"https:\/\/schuetzenverein-sudendorf-schierloh.de\/wp-content\/uploads\/2025\/03\/20240815_105306-1024x461.jpg\" alt=\"\" class=\"wp-image-979\" srcset=\"https:\/\/schuetzenverein-sudendorf-schierloh.de\/wp-content\/uploads\/2025\/03\/20240815_105306-1024x461.jpg 1024w, https:\/\/schuetzenverein-sudendorf-schierloh.de\/wp-content\/uploads\/2025\/03\/20240815_105306-300x135.jpg 300w, https:\/\/schuetzenverein-sudendorf-schierloh.de\/wp-content\/uploads\/2025\/03\/20240815_105306-768x346.jpg 768w, https:\/\/schuetzenverein-sudendorf-schierloh.de\/wp-content\/uploads\/2025\/03\/20240815_105306-1536x692.jpg 1536w, https:\/\/schuetzenverein-sudendorf-schierloh.de\/wp-content\/uploads\/2025\/03\/20240815_105306-2048x922.jpg 2048w, https:\/\/schuetzenverein-sudendorf-schierloh.de\/wp-content\/uploads\/2025\/03\/20240815_105306-599x270.jpg 599w\" sizes=\"auto, (max-width: 1024px) 100vw, 1024px\" \/><\/a><\/figure>\n\n\n\n<h2 class=\"wp-block-heading has-text-color has-link-color wp-elements-02d1f5db990fc01dba15c8f82f8c3e53\" style=\"color:#003307\">Zur Weihnachtszeit<\/h2>\n\n\n\n<figure class=\"wp-block-image size-large\"><a href=\"https:\/\/schuetzenverein-sudendorf-schierloh.de\/wp-content\/uploads\/2025\/03\/IMG-20231202-WA0002.jpg\"><img loading=\"lazy\" decoding=\"async\" width=\"577\" height=\"1024\" src=\"https:\/\/schuetzenverein-sudendorf-schierloh.de\/wp-content\/uploads\/2025\/03\/IMG-20231202-WA0002-577x1024.jpg\" alt=\"\" class=\"wp-image-972\" srcset=\"https:\/\/schuetzenverein-sudendorf-schierloh.de\/wp-content\/uploads\/2025\/03\/IMG-20231202-WA0002-577x1024.jpg 577w, https:\/\/schuetzenverein-sudendorf-schierloh.de\/wp-content\/uploads\/2025\/03\/IMG-20231202-WA0002-169x300.jpg 169w, https:\/\/schuetzenverein-sudendorf-schierloh.de\/wp-content\/uploads\/2025\/03\/IMG-20231202-WA0002-768x1364.jpg 768w, https:\/\/schuetzenverein-sudendorf-schierloh.de\/wp-content\/uploads\/2025\/03\/IMG-20231202-WA0002-865x1536.jpg 865w, https:\/\/schuetzenverein-sudendorf-schierloh.de\/wp-content\/uploads\/2025\/03\/IMG-20231202-WA0002-152x270.jpg 152w, https:\/\/schuetzenverein-sudendorf-schierloh.de\/wp-content\/uploads\/2025\/03\/IMG-20231202-WA0002.jpg 1153w\" sizes=\"auto, (max-width: 577px) 100vw, 577px\" \/><\/a><\/figure>\n","protected":false},"excerpt":{"rendered":"<p>Vermietung Sch\u00fctzenhaus Einzelheiten zur Buchungen und zu freien Termine k\u00f6nnt Ihr bei Martins Getr\u00e4nkemarkt erfahren. Thekenbereich Barrierefreier Zugang Aufenthaltsraum Au\u00dfenansicht Zur Weihnachtszeit<\/p>\n","protected":false},"author":6,"featured_media":0,"parent":0,"menu_order":0,"comment_status":"closed","ping_status":"closed","template":"","meta":{"ocean_post_layout":"","ocean_both_sidebars_style":"","ocean_both_sidebars_content_width":0,"ocean_both_sidebars_sidebars_width":0,"ocean_sidebar":"","ocean_second_sidebar":"","ocean_disable_margins":"enable","ocean_add_body_class":"","ocean_shortcode_before_top_bar":"","ocean_shortcode_after_top_bar":"","ocean_shortcode_before_header":"","ocean_shortcode_after_header":"","ocean_has_shortcode":"","ocean_shortcode_after_title":"","ocean_shortcode_before_footer_widgets":"","ocean_shortcode_after_footer_widgets":"","ocean_shortcode_before_footer_bottom":"","ocean_shortcode_after_footer_bottom":"","ocean_display_top_bar":"default","ocean_display_header":"default","ocean_header_style":"","ocean_center_header_left_menu":"","ocean_custom_header_template":"","ocean_custom_logo":0,"ocean_custom_retina_logo":0,"ocean_custom_logo_max_width":0,"ocean_custom_logo_tablet_max_width":0,"ocean_custom_logo_mobile_max_width":0,"ocean_custom_logo_max_height":0,"ocean_custom_logo_tablet_max_height":0,"ocean_custom_logo_mobile_max_height":0,"ocean_header_custom_menu":"","ocean_menu_typo_font_family":"","ocean_menu_typo_font_subset":"","ocean_menu_typo_font_size":0,"ocean_menu_typo_font_size_tablet":0,"ocean_menu_typo_font_size_mobile":0,"ocean_menu_typo_font_size_unit":"px","ocean_menu_typo_font_weight":"","ocean_menu_typo_font_weight_tablet":"","ocean_menu_typo_font_weight_mobile":"","ocean_menu_typo_transform":"","ocean_menu_typo_transform_tablet":"","ocean_menu_typo_transform_mobile":"","ocean_menu_typo_line_height":0,"ocean_menu_typo_line_height_tablet":0,"ocean_menu_typo_line_height_mobile":0,"ocean_menu_typo_line_height_unit":"","ocean_menu_typo_spacing":0,"ocean_menu_typo_spacing_tablet":0,"ocean_menu_typo_spacing_mobile":0,"ocean_menu_typo_spacing_unit":"","ocean_menu_link_color":"","ocean_menu_link_color_hover":"","ocean_menu_link_color_active":"","ocean_menu_link_background":"","ocean_menu_link_hover_background":"","ocean_menu_link_active_background":"","ocean_menu_social_links_bg":"","ocean_menu_social_hover_links_bg":"","ocean_menu_social_links_color":"","ocean_menu_social_hover_links_color":"","ocean_disable_title":"default","ocean_disable_heading":"default","ocean_post_title":"","ocean_post_subheading":"","ocean_post_title_style":"","ocean_post_title_background_color":"","ocean_post_title_background":0,"ocean_post_title_bg_image_position":"","ocean_post_title_bg_image_attachment":"","ocean_post_title_bg_image_repeat":"","ocean_post_title_bg_image_size":"","ocean_post_title_height":0,"ocean_post_title_bg_overlay":0.5,"ocean_post_title_bg_overlay_color":"","ocean_disable_breadcrumbs":"default","ocean_breadcrumbs_color":"","ocean_breadcrumbs_separator_color":"","ocean_breadcrumbs_links_color":"","ocean_breadcrumbs_links_hover_color":"","ocean_display_footer_widgets":"default","ocean_display_footer_bottom":"default","ocean_custom_footer_template":"","footnotes":""},"class_list":["post-794","page","type-page","status-publish","hentry","entry"],"_links":{"self":[{"href":"https:\/\/schuetzenverein-sudendorf-schierloh.de\/index.php?rest_route=\/wp\/v2\/pages\/794","targetHints":{"allow":["GET"]}}],"collection":[{"href":"https:\/\/schuetzenverein-sudendorf-schierloh.de\/index.php?rest_route=\/wp\/v2\/pages"}],"about":[{"href":"https:\/\/schuetzenverein-sudendorf-schierloh.de\/index.php?rest_route=\/wp\/v2\/types\/page"}],"author":[{"embeddable":true,"href":"https:\/\/schuetzenverein-sudendorf-schierloh.de\/index.php?rest_route=\/wp\/v2\/users\/6"}],"replies":[{"embeddable":true,"href":"https:\/\/schuetzenverein-sudendorf-schierloh.de\/index.php?rest_route=%2Fwp%2Fv2%2Fcomments&post=794"}],"version-history":[{"count":9,"href":"https:\/\/schuetzenverein-sudendorf-schierloh.de\/index.php?rest_route=\/wp\/v2\/pages\/794\/revisions"}],"predecessor-version":[{"id":1599,"href":"https:\/\/schuetzenverein-sudendorf-schierloh.de\/index.php?rest_route=\/wp\/v2\/pages\/794\/revisions\/1599"}],"wp:attachment":[{"href":"https:\/\/schuetzenverein-sudendorf-schierloh.de\/index.php?rest_route=%2Fwp%2Fv2%2Fmedia&parent=794"}],"curies":[{"name":"wp","href":"https:\/\/api.w.org\/{rel}","templated":true}]}}